 digit of 5280986?
2
What is the hundred thousands digit of 173710?
1
What is the thousands digit of 76439?
6
What is the ten thousands digit of 234355?
3
What is the tens digit of 3570273?
7
What is the units digit of 354983?
3
What is the thousands digit of 900928?
0
What is the hundred thousands digit of 9177495?
1
What is the hundred thousands digit of 326546?
3
What is the units digit of 22906163?
3
What is the hundreds digit of 29937379?
3
What is the hundreds digit of 3013546?
5
What is the hundred thousands digit of 4071987?
0
What is the hundred thousands digit of 2283248?
2
What is the ten millions digit of 10814096?
1
What is the millions digit of 30720371?
0
What is the units digit of 659854?
4
What is the hundred thousands digit of 195417?
1
What is the hundred thousands digit of 144387?
1
What is the tens digit of 8499605?
0
What is the hundreds digit of 283138?
1
What is the units digit of 1335042?
2
What is the hundred thousands digit of 6704175?
7
What is the thousands digit of 1032827?
2
What is the hundreds digit of 177337?
3
What is the units digit of 5311843?
3
What is the ten thousands digit of 20133519?
3
What is the hundred thousands digit of 280000?
2
What is the thousands digit of 479562?
9
What is the tens digit of 8299549?
4
What is the thousands digit of 399762?
9
What is the tens digit of 9276733?
3
What is the tens digit of 85648?
4
What is the tens digit of 470543?
4
What is the thousands digit of 5871789?
1
What is the ten thousands digit of 886484?
8
What is the tens digit of 289274?
7
What is the hundred thousands digit of 491762?
4
What is the thousands digit of 562989?
2
What is the units digit of 3356464?
4
What is the thousands digit of 339296?
9
What is the hundreds digit of 4366746?
7
What is the tens digit of 79744?
4
What is the millions digit of 1097609?
1
What is the thousands digit of 4607284?
7
What is the millions digit of 29216334?
9
What is the tens digit of 1353860?
6
What is the millions digit of 1123542?
1
What is the ten thousands digit of 16836323?
3
What is the thousands digit of 31918681?
8
What is the hundred thousands digit of 16853096?
8
What is the thousands digit of 47452?
7
What is the ten thousands digit of 344636?
4
What is the thousands digit of 216475?
6
What is the tens digit of 4820048?
4
What is the hundreds digit of 697227?
2
What is the hundred thousands digit of 30639292?
6
What is the tens digit of 8627416?
1
What is the units digit of 218789?
9
What is the millions digit of 15278690?
5
What is the hundred thousands digit of 3206849?
2
What is the ten thousands digit of 5665617?
6
What is the units digit of 8767914?
4
What is the ten thousands digit of 676390?
7
What is the hundred thousands digit of 822290?
8
What is the tens digit of 2088133?
3
What is the thousands digit of 260950?
0
What is the units digit of 18048860?
0
What is the tens digit of 14745114?
1
What is the hundreds digit of 2619581?
5
What is the thousands digit of 1498444?
8
What is the units digit of 12924894?
4
What is the thousands digit of 293189?
3
What is the hundreds digit of 506460?
4
What is the hundreds digit of 24539784?
7
What is the units digit of 3496430?
0
What is the thousands digit of 230605?
0
What is the units digit of 3519037?
7
What is the hundred thousands digit of 14720907?
7
What is the hundred thousands digit of 241277?
2
What is the tens digit of 12952641?
4
What is the thousands digit of 312496?
2
What is the hundred thousands digit of 8995361?
9
What is the millions digit of 7561771?
7
What is the millions digit of 6498738?
6
What is the ten thousands digit of 10628212?
2
What is the hundreds digit of 148031?
0
What is the tens digit of 4085559?
5
What is the thousands digit of 1296230?
6
What is the hundred thousands digit of 303652?
3
What is the units digit of 1947964?
4
What is the ten thousands digit of 86701?
8
What is the tens digit of 486699?
9
What is the hundreds digit of 4154673?
6
What is the tens digit of 4379180?
8
What is the thousands digit of 34462?
4
What is the ten thousands digit of 4831153?
3
What is the ten millions digit of 23212634?
2
What is the thousands digit of 11654468?
4
What is the hundred thousands digit of 8800572?
8
What is the units digit of 1700664?
4
What is the units digit of 186540?
0
What is the thousands digit of 1497940?
7
What is the hundreds digit of 181381?
3
What is the units digit of 3832991?
1
What is the tens digit of 2608881?
8
What is the thousands digit of 2905402?
5
What is the units digit of 62753?
3
What is the tens digit of 523059?
5
What is the hundred thousands digit of 173863?
1
What is the tens digit of 78357?
5
What is the thousands digit of 4188427?
8
What is the tens digit of 224742?
4
What is the ten thousands digit of 8060857?
6
What is the hundreds digit of 6668675?
6
What is the tens digit of 258152?
5
What is the tens digit of 7413764?
6
What is the ten thousands digit of 32618403?
1
What is the hundreds digit of 1357535?
5
What is the hundred thousands digit of 318918?
3
What is the tens digit of 6188735?
3
What is the tens digit of 379392?
9
What is the tens digit of 915777?
7
What is the hundreds digit of 5992100?
1
What is the thousands digit of 1539012?
9
What is the thousands digit of 500820?
0
What is the hundred thousands digit of 1373918?
3
What is the hundreds digit of 172854?
8
What is the units digit of 561770?
0
What is the thousands digit of 2679021?
9
What is the ten thousands digit of 901024?
0
What is the millions digit of 3588851?
3
What is the units digit of 36044094?
4
What is the ten thousands digit of 163667?
6
What is the hundreds digit of 16139600?
6
What is the units digit of 28853686?
6
What is the units digit of 900694?
4
What is the units digit of 305899?
9
What is the hundreds digit of 747516?
5
What is the thousands digit of 4082302?
2
What is the hundreds digit of 508829?
8
What is the ten thousands digit of 5530953?
3
What is the ten thousands digit of 33998574?
9
What is the hundred thousands digit of 2353895?
3
What is the ten millions digit of 11713365?
1
What is the ten thousands digit of 19637153?
3
What is the thousands digit of 78640?
8
What is the hundred thousands digit of 198965?
1
What is the thousands digit of 46461?
6
What is the units digit of 3508107?
7
What is the hundreds digit of 98421?
4
What is the millions digit of 1537061?
1
What is the tens digit of 3070167?
6
What is the millions digit of 4161742?
4
What is the hundreds digit of 299061?
0
What is the units digit of 6049732?
2
What is the tens digit of 2721701?
0
What is the tens digit of 2143199?
9
What is the ten thousands digit of 10356254?
5
What is the tens digit of 497167?
6
What is the ten thousands digit of 2675133?
7
What is the thousands digit of 13868?
3
What is the units digit of 405912?
2
What is the tens digit of 117223?
2
What is the ten millions digit of 13497447?
1
What is the tens digit of 25181329?
2
What is the hundred thousands digit of 26806372?
8
What is the tens digit of 8288578?
7
What is the tens digit of 2556042?
4
What is the millions digit of 20188698?
0
What is the hundreds digit of 3189483?
4
What is the tens digit of 595051?
5
What is the tens digit of 13641084?
8
What is the millions digit of 1071150?
1
What is the millions digit of 11981218?
1
What is the units digit of 243569?
9
What is the ten thousands digit of 520039?
2
What is the tens digit of 1127855?
5
What is the hundreds digit of 2044617?
6
What is the hundreds digit of 424320?
3
What is the thousands digit of 2677?
2
What is the thousands digit of 5261741?
1
What is the thousands digit of 129481?
9
What is the hundreds digit of 350289?
2
What is the hundred thousands digit of 907180?
9
What is the ten thousands digit of 1841932?
4
What is the ten thousands digit of 67910?
6
What is the millions digit of 1740451?
1
What is the tens digit of 349178?
7
What is the ten thousands digit of 9725508?
2
What is the thousands digit of 409069?
9
What is the millions digit of 2961227?
2
What is the ten thousands digit of 67556?
6
What is the hundreds digit of 7137063?
0
What is the thousands digit of 1754924?
4
What is the thousands digit of 92105?
2
What is the thousands digit of 194758?
4
What is the tens digit of 